{"id":81,"date":"2022-03-11T18:54:16","date_gmt":"2022-03-11T17:54:16","guid":{"rendered":"https:\/\/ceehgc.eu\/?page_id=81"},"modified":"2022-11-20T14:59:36","modified_gmt":"2022-11-20T13:59:36","slug":"workshop-1","status":"publish","type":"page","link":"https:\/\/ceehgc.eu\/?page_id=81","title":{"rendered":"21\u201322 November 2022"},"content":{"rendered":"\t\t<div data-elementor-type=\"wp-page\" data-elementor-id=\"81\" class=\"elementor elementor-81\">\n\t\t\t\t\t\t\t\t\t<section class=\"elementor-section elementor-top-section elementor-element elementor-element-bcd3ca1 elementor-section-boxed elementor-section-height-default elementor-section-height-default\" data-id=\"bcd3ca1\" data-element_type=\"section\">\n\t\t\t\t\t\t<div class=\"elementor-container elementor-column-gap-default\">\n\t\t\t\t\t<div class=\"elementor-column elementor-col-100 elementor-top-column elementor-element elementor-element-d169a21\" data-id=\"d169a21\" data-element_type=\"column\">\n\t\t\t<div class=\"elementor-widget-wrap elementor-element-populated\">\n\t\t\t\t\t\t\t\t<div class=\"elementor-element elementor-element-d8b1d27 elementor-widget elementor-widget-heading\" data-id=\"d8b1d27\" data-element_type=\"widget\" data-widget_type=\"heading.default\">\n\t\t\t\t<div class=\"elementor-widget-container\">\n\t\t\t<style>\/*! elementor - v3.8.1 - 13-11-2022 *\/\n.elementor-heading-title{padding:0;margin:0;line-height:1}.elementor-widget-heading .elementor-heading-title[class*=elementor-size-]>a{color:inherit;font-size:inherit;line-height:inherit}.elementor-widget-heading .elementor-heading-title.elementor-size-small{font-size:15px}.elementor-widget-heading .elementor-heading-title.elementor-size-medium{font-size:19px}.elementor-widget-heading .elementor-heading-title.elementor-size-large{font-size:29px}.elementor-widget-heading .elementor-heading-title.elementor-size-xl{font-size:39px}.elementor-widget-heading .elementor-heading-title.elementor-size-xxl{font-size:59px}<\/style><h4 class=\"elementor-heading-title elementor-size-default\">Program<\/h4>\t\t<\/div>\n\t\t\t\t<\/div>\n\t\t\t\t\t<\/div>\n\t\t<\/div>\n\t\t\t\t\t\t\t<\/div>\n\t\t<\/section>\n\t\t\t\t<section class=\"elementor-section elementor-top-section elementor-element elementor-element-27efbd4a elementor-section-boxed elementor-section-height-default elementor-section-height-default\" data-id=\"27efbd4a\" data-element_type=\"section\">\n\t\t\t\t\t\t<div class=\"elementor-container elementor-column-gap-default\">\n\t\t\t\t\t<div class=\"elementor-column elementor-col-100 elementor-top-column elementor-element elementor-element-16950fe4\" data-id=\"16950fe4\" data-element_type=\"column\">\n\t\t\t<div class=\"elementor-widget-wrap elementor-element-populated\">\n\t\t\t\t\t\t\t\t<div class=\"elementor-element elementor-element-73edaa92 elementor-widget elementor-widget-text-editor\" data-id=\"73edaa92\" data-element_type=\"widget\" data-widget_type=\"text-editor.default\">\n\t\t\t\t<div class=\"elementor-widget-container\">\n\t\t\t<style>\/*! elementor - v3.8.1 - 13-11-2022 *\/\n.elementor-widget-text-editor.elementor-drop-cap-view-stacked .elementor-drop-cap{background-color:#818a91;color:#fff}.elementor-widget-text-editor.elementor-drop-cap-view-framed .elementor-drop-cap{color:#818a91;border:3px solid;background-color:transparent}.elementor-widget-text-editor:not(.elementor-drop-cap-view-default) .elementor-drop-cap{margin-top:8px}.elementor-widget-text-editor:not(.elementor-drop-cap-view-default) .elementor-drop-cap-letter{width:1em;height:1em}.elementor-widget-text-editor .elementor-drop-cap{float:left;text-align:center;line-height:1;font-size:50px}.elementor-widget-text-editor .elementor-drop-cap-letter{display:inline-block}<\/style>\t\t\t\t<p>The main goals are the following:<\/p><ol><li>To introduce topics, methods, and directions of <em>historical game studies<\/em> from different regions of Central and Eastern Europe, i.e. study of past in digital games, research of game history, development of historical games and games and education<\/li><li>To establish functional networking and start a collective of game historians based around an online journal and a community webpage<\/li><\/ol><div>The workshop takes place at the <a href=\"https:\/\/ceehgc.eu\/?page_id=184\">Academic Conference Centre (Jilsk\u00e1 1, Praha 1)<\/a>.<\/div>\t\t\t\t\t\t<\/div>\n\t\t\t\t<\/div>\n\t\t\t\t\t<\/div>\n\t\t<\/div>\n\t\t\t\t\t\t\t<\/div>\n\t\t<\/section>\n\t\t\t\t<section class=\"elementor-section elementor-top-section elementor-element elementor-element-49a42ff elementor-section-boxed elementor-section-height-default elementor-section-height-default\" data-id=\"49a42ff\" data-element_type=\"section\">\n\t\t\t\t\t\t<div class=\"elementor-container elementor-column-gap-default\">\n\t\t\t\t\t<div class=\"elementor-column elementor-col-100 elementor-top-column elementor-element elementor-element-13e2266\" data-id=\"13e2266\" data-element_type=\"column\">\n\t\t\t<div class=\"elementor-widget-wrap elementor-element-populated\">\n\t\t\t\t\t\t\t\t<div class=\"elementor-element elementor-element-8984016 elementor-widget elementor-widget-text-editor\" data-id=\"8984016\" data-element_type=\"widget\" data-widget_type=\"text-editor.default\">\n\t\t\t\t<div class=\"elementor-widget-container\">\n\t\t\t\t\t\t\t<p><strong>21 NOVEMBER, Monday<br \/><\/strong><\/p><p style=\"padding-left: 40px;\"><strong>8.00-8.30 <\/strong>Registration &amp; Welcome<strong><br \/>8.30-9.00<\/strong> Introduction (Start of the Workshop)<br \/><strong>9.00-9.20<\/strong> <em>Slovenia<\/em> &#8211; Marisa \u017dele<br \/><strong>9.20-9.50<\/strong> <em>Hungary<\/em> &#8211; \u00c1rp\u00e1d Bayer, Nandor Lakia, Balint Mark Turi (online)<br \/>9.50-10.00 Discussion<br \/>10.00-10.15 Coffee break<\/p><p style=\"padding-left: 40px;\"><strong>10.15-10.45<\/strong> <em>Russia<\/em> &#8211; Anastasia Anufrieva, Leonid Mojdzhes, Alexander Vetushinsky (online)<br \/><strong>10.45-11.05<\/strong> <em>Slovakia<\/em> &#8211; Miroslav Neumann, Michal Kab\u00e1t, Juraj Koval\u010d\u00edk<br \/>11.05-11.15 Discussion<br \/><strong>11.15-11.50<\/strong> <em>Poland<\/em> &#8211; Maria B. Garda, Stanis\u0142aw Krawczyk, Aleksandra Mochocka, Micha\u0142 Mochocki, Piotr Sterczewski<br \/>11.50-12.00 Discussion<\/p><p style=\"padding-left: 40px;\">12.00-13.00 Lunch<\/p><p style=\"padding-left: 40px;\"><strong>13.00-13.20<\/strong> <em>Estonia<\/em> &#8211; Marie-Luise Meier (online)<br \/><strong>13.20-13.45<\/strong> <em>Czech republic<\/em> &#8211; Jaroslav \u0160velch<br \/><strong>13.45-14.05<\/strong> <em>Austria<\/em> &#8211; Peter F\u00e4rberb\u00f6ck (online)<br \/>14.05-14.20 Discussion<br \/>14.20-14.35 Coffee break<\/p><p style=\"padding-left: 40px;\"><strong>14.35-15.00<\/strong> <em>Belarus<\/em> &#8211; Yaraslau I. Kot, Alesha Serada<br \/><strong>15.00-15.20<\/strong> <em>Ukraine<\/em> &#8211; Yaraslau I. Kot<br \/>15.20-15.40 Discussion<\/p><p><strong>22 NOVEMBER, Tuesday<br \/><\/strong><\/p><p><strong>1. Key-note lectures<\/strong><\/p><p style=\"padding-left: 40px;\"><strong>8.30-9.30<\/strong> Eugen Pfister (Vienna): <em>History in Games <\/em>(online)<em><br \/><\/em>9.30<em>&#8211;<\/em>9.40 Coffee<\/p><p style=\"padding-left: 40px;\"><strong>9.40-10.40<\/strong> Winfried Bergmeyer (Berlin): <em>History and preservation of Games<\/em><br \/>10.40-10.50 Coffee<\/p><p style=\"padding-left: 40px;\"><strong>10.50-11.50<\/strong> V\u00edt \u0160isler (Prague): <em>Historical Games and Education<\/em><br \/>11.50-12.00 Coffee<\/p><p style=\"padding-left: 40px;\"><strong>12.00-13.00<\/strong> J\u00f6rg Friedrich (Berlin): <em>Developing Historical Games<\/em> (online)<\/p><p>13.00-14.00 Lunch<\/p><p><strong>2. Roundtable<\/strong><\/p><p style=\"padding-left: 40px;\"><strong>14.00-15.30<\/strong> Roundtable 1: <em>Theory and Methodology<\/em><br \/>15.30-15.40 Coffee<br \/><strong>15.40-16.40<\/strong> Roundtable 2: <em>Central and Eastern European Historical Games Collective<\/em><\/p><p>16.40-17.00 Closing remarks<\/p>\t\t\t\t\t\t<\/div>\n\t\t\t\t<\/div>\n\t\t\t\t\t<\/div>\n\t\t<\/div>\n\t\t\t\t\t\t\t<\/div>\n\t\t<\/section>\n\t\t\t\t\t\t\t<\/div>\n\t\t","protected":false},"excerpt":{"rendered":"<p>Program The main goals are the following: To introduce topics, methods, and directions of historical game studies from different regions of Central and Eastern Europe, i.e. study of past in digital games, research of game history, development of historical games and games and education To establish functional networking and start a collective of game historians &hellip; <\/p>\n<p class=\"link-more\"><a href=\"https:\/\/ceehgc.eu\/?page_id=81\" class=\"more-link\">Continue reading<span class=\"screen-reader-text\"> &#8220;21\u201322 November 2022&#8221;<\/span><\/a><\/p>\n","protected":false},"author":2,"featured_media":0,"parent":0,"menu_order":0,"comment_status":"closed","ping_status":"closed","template":"","meta":{"footnotes":""},"class_list":["post-81","page","type-page","status-publish","hentry"],"_links":{"self":[{"href":"https:\/\/ceehgc.eu\/index.php?rest_route=\/wp\/v2\/pages\/81","targetHints":{"allow":["GET"]}}],"collection":[{"href":"https:\/\/ceehgc.eu\/index.php?rest_route=\/wp\/v2\/pages"}],"about":[{"href":"https:\/\/ceehgc.eu\/index.php?rest_route=\/wp\/v2\/types\/page"}],"author":[{"embeddable":true,"href":"https:\/\/ceehgc.eu\/index.php?rest_route=\/wp\/v2\/users\/2"}],"replies":[{"embeddable":true,"href":"https:\/\/ceehgc.eu\/index.php?rest_route=%2Fwp%2Fv2%2Fcomments&post=81"}],"version-history":[{"count":182,"href":"https:\/\/ceehgc.eu\/index.php?rest_route=\/wp\/v2\/pages\/81\/revisions"}],"predecessor-version":[{"id":790,"href":"https:\/\/ceehgc.eu\/index.php?rest_route=\/wp\/v2\/pages\/81\/revisions\/790"}],"wp:attachment":[{"href":"https:\/\/ceehgc.eu\/index.php?rest_route=%2Fwp%2Fv2%2Fmedia&parent=81"}],"curies":[{"name":"wp","href":"https:\/\/api.w.org\/{rel}","templated":true}]}}